)/(2/(-5))?
127
Suppose -84*o + 75*o + 2412 = 0. List the prime factors of o.
2, 67
Let y = 24 - 36. What are the prime factors of (510/y)/(0 + (-1)/4)?
2, 5, 17
List the prime factors of (1208/(-12) - -15)*(-30)/2.
5, 257
Suppose 3*b + 5*h = b + 347, -4*h + 510 = 3*b. Let c = -3 + 5. Suppose -c*t = r - 0*r - 111, 3*t - b = -r. List the prime factors of t.
5, 11
Let x = -16 - -17. Let m be x - (-2)/(-8)*4. Suppose m = 5*u - u - 148. List the prime factors of u.
37
Suppose 4*i = 5*x + 38, 3*x + 5*i + 14 = 6. Let f be 3/x + (-82)/(-4). What are the prime factors of 8*(-3)/6 + f?
2
Let b = -838 - -2171. What are the prime factors of b?
31, 43
Suppose 3*g = 5*u + 3037, 2*u + 1804 + 218 = 2*g. List the prime factors of g.
1009
Let g be -3 - 2*(-2)/(-4). Let q(b) = b + 8. Let u be q(g). Suppose -8*s + u*s = -64. What are the prime factors of s?
2
Let y = -677 + 1812. What are the prime factors of y?
5, 227
Let l(f) = -f**2 + 25*f - 28. Let p be (-96)/(-7) - (-4)/14. What are the prime factors of l(p)?
2, 3, 7
Let w(d) be the first derivative of -d**2 + 1/3*d**3 - 3*d - 5 + 1/4*d**4. List the prime factors of w(3).
3
Let y(v) = 5*v - 12. Let s(i) = -2*i - 16. Let o be s(-12). Let m be y(o). Let h = m - -9. List the prime factors of h.
37
Let x = 12 - 10. Let u(v) = -6*v**2 - 5*v**x - v**3 + 7 + 8*v + 4*v**2. What are the prime factors of u(-8)?
7
Suppose -3*c = 2*j - 2 + 16, -4*j - 18 = c. Let f be (-11 + -1)/((-3)/c). List the prime factors of ((-8)/f)/(1/47).
47
What are the prime factors of -3*(-60)/(-8)*(-90)/25?
3
Let a(o) = o**2 - o - 1. Suppose -2*x - 3 = -3*x. Suppose -3 = c - x*l, -5*l = -0*l - 10. What are the prime factors of a(c)?
5
Let a(f) = -46*f + 3. Let p be a(-2). Let g = p + 207. What are the prime factors of g?
2, 151
Suppose 6*x - 11*x = 3*p - 9446, 2*x - 3*p = 3770. What are the prime factors of x?
2, 59
Let s be 3/(-1) - (-11 + (8 - 4)). Suppose 28 + 80 = s*g. List the prime factors of g.
3
Let a be (126/56)/((-3)/(-688)). Suppose 5*y - 634 - a = 0. What are the prime factors of y?
2, 5, 23
Let m(n) = 58*n**2 + 14*n - 61. What are the prime factors of m(-5)?
1319
Suppose -k = -2*r - 3211, 724 = 3*r + 3*k + 5563. Let s be 4/30 - r/90. What are the prime factors of (4 + -6)*s/(-4)?
3
What are the prime factors of (-1*2454/(-2))/(5 + -4)?
3, 409
Let j(q) = -101*q**3 - 3*q**2 - 2*q - 2. List the prime factors of j(-2).
2, 3, 7, 19
Suppose -3*g - 2 = -g, 3*w - 4*g - 16 = 0. Suppose -5*f + 2*f + 569 = -w*x, 0 = -2*f + 3*x + 381. List the prime factors of f.
3, 61
Suppose -163 - 242 = -5*j. Suppose 77 = n - j. List the prime factors of n.
2, 79
Let v(s) = 12*s**3 + 8*s + 5. List the prime factors of v(3).
353
Let x = 4 + -3. Let v = 30 - -114. Suppose 5*z = 14 + x, 3*a - v = 5*z. List the prime factors of a.
53
Let g = -24 - -81. Suppose 1 = -2*t + g. List the prime factors of 6/21 - (-412)/t.
3, 5
Let h = 2456 + -1507. List the prime factors of h.
13, 73
Let c(b) = 160*b**2 - 71*b + 273. List the prime factors of c(4).
2549
Let n(m) = 41 - 9*m - m**2 - 17*m + 23*m. What are the prime factors of n(0)?
41
Suppose 3*h - 2*w - 10 = 0, -4*h + 0*w = -2*w - 16. List the prime factors of (-46)/69 - ((-724)/h)/1.
2, 3, 5
Suppose 0 = -4*m + 3*c - 363 + 3090, 3*m + 2*c = 2041. What are the prime factors of m?
3, 227
List the prime factors of -6*(-13)/624 - 20382/(-16).
2, 7, 13
Let h = 950 - 415. List the prime factors of h.
5, 107
Let m(d) = -d**3 - 6*d**2 - 3*d + 21. Suppose -2*z - 29 = 3*x, 5*x = -z - 25 - 14. What are the prime factors of m(x)?
7, 13
Let v = -198 + 302. Let i = v - 61. What are the prime factors of i?
43
Let o = 39 - 4. Let n = o - 3. List the prime factors of n.
2
Let s be (-11 - -13)/((-2)/(-3)). Suppose -s*q + 133 = -2*a, -q + a + 46 = 2*a. List the prime factors of q.
3, 5
Let v be (8/10)/(8/20). Suppose 4*y - v*n + 0 = -6, 0 = 4*y + 4*n. Let o = y - -14. What are the prime factors of o?
13
Suppose -44*n = -51*n + 8071. What are the prime factors of n?
1153
Suppose 0*r - 4 = 2*r + 5*t, 3*r + 3*t - 12 = 0. Let w be 354/r - 9/(-12). List the prime factors of (w/10)/(1/12).
2, 3
Let n = 560 - -1255. List the prime factors of n.
3, 5, 11
Let n = 3745 - 2282. List the prime factors of n.
7, 11, 19
What are the prime factors of 3/(-4) + 1 + 4508/16?
2, 3, 47
Suppose -2*f + 4*f = a - 214, 234 = a + 3*f. What are the prime factors of a?
2, 3, 37
Let n = 5992 + -3330. What are the prime factors of n?
2, 11
Let p(k) = 96*k**2 - 26*k + 38. List the prime factors of p(-6).
2, 5, 73
Let z(v) = -7*v + 18. Let f be z(4). List the prime factors of 2 + -1 + (f - -26).
17
Suppose 6*d - 9*d + 690 = 0. Suppose 4*s + 4*u = 130 + d, 4*u + 16 = 0. List the prime factors of s.
2, 47
Let s be (8/(-12))/(6/(-27)). Let q(h) = -1 + 5*h - h + 2*h. List the prime factors of q(s).
17
Suppose o - y - 112 = 0, -o + 520 = 4*o + 3*y. Suppose 0 = -n - l + o, 3*n + l - 200 = 125. List the prime factors of n.
109
Suppose -189 = t + 3*t + 3*f, -5*t - 235 = 5*f. Let h = t - -112. What are the prime factors of h?
2
Let b(o) = -3*o**3 - 9*o**2 - 10*o - 31. List the prime factors of b(-8).
1009
Let r be 1354/18 - (-10)/(-45). Suppose 1338 = 81*p - r*p. List the prime factors of p.
223
Suppose c + 0*q - 80 = -3*q, -5*q - 127 = -2*c. Let u = 133 - c. What are the prime factors of u?
2, 31
What are the prime factors of 10/(-2) - (3 - 237)?
229
Let r = 5483 - 1206. List the prime factors of r.
7, 13, 47
Let o = 1542 + -2592. Let l = -748 - o. List the prime factors of l.
2, 151
Let o = 5378 + -3133. What are the prime factors of o?
5, 449
Let v(q) = 78*q + 194. List the prime factors of v(12).
2, 5, 113
Suppose b + 4*b = f + 9, -5*b - 11 = 4*f. Let m = 7 + f. Suppose -m*l - 4*x = -128, l - 3*x = -2*l + 114. What are the prime factors of l?
2, 5
List the prime factors of (788/14)/((-9)/(-63)).
2, 197
Let i = 909 + 27. What are the prime factors of i?
2, 3, 13
Let m = 982 + -394. List the prime factors of m.
2, 3, 7
Suppose 4*r - 8*r + 124 = 0. Let f = -65 + r. Let g = -18 - f. What are the prime factors of g?
2
Let w = -33 + 54. Let a(r) = r**3 + 19*r**2 + 19*r - 15. Let z be a(-18). What are the prime factors of 220/z*w/(-2)?
2, 5, 7
Let j(l) = 30*l - 8*l + 82*l. List the prime factors of j(1).
2, 13
Suppose 1 = -4*a + 21. Suppose -t - a*r + 3*r = -50, 2*t - 4*r = 140. List the prime factors of t.
2, 3, 5
Let a = -3 - -16. Let k be ((-15)/(-20))/((-2)/24). Let q = k + a. What are the prime factors of q?
2
Suppose -2*d - 2034 = -l, 4*d = -d + 20. List the prime factors of l.
2, 1021
Let x(y) = -y**2 + 10*y - 20. Let u be x(8). Let l be (0 + 3/u)*4. List the prime factors of 56/10*(l - -8).
2, 7
Suppose 27*y = 26*y. Suppose y = -u - 3*u + 132. List the prime factors of u.
3, 11
Let s be -1 + -2 + 14 - 1. Suppose 3*w + s = 5*z, 4*w - 6 = -3*z - 0. Suppose 0 = -2*u - u + g + 91, -u - g + 25 = w. List the prime factors of u.
29
Let n = -1489 + 2934. List the prime factors of n.
5, 17
Let z(i) = -8*i - 9. Let g be z(-9). Let o = 133 - g. What are the prime factors of o?
2, 5, 7
Let p(w) = 5*w**2 + 4*w + 5 + 0 - w**2 + w. Let y be p(-4). Let i = y + -31. What are the prime factors of i?
2, 3
Let i(m) = 52*m**2 + 28*m + 3. What are the prime factors of i(8)?
3, 5, 79
List the prime factors of 1/(48/(-240) - (-982)/4860).
2, 3
Let k(a) be the first derivative of -8*a - 4 + 3/2*a**2. List the prime factors of k(14).
2, 17
Let d be (696/(-7))/((-7)/49). Suppose 0*l + 6*l = d. List the prime factors of l.
2, 29
Suppose z = -5, -8*z - 1352 = -d - 4*z. List the prime factors of d.
2, 3, 37
Let m = 3 - 1. Suppose -m*v = -v - 3. Suppose 0 = -3*p + 12, -10 + 1 = -v*u + 3*p. List the prime factors of u.
7
Suppose -i = -q + 56, 0*i - 3*i - 4*q - 140 = 0. Suppose 14*d - 20 - 8 = 0. What are the prime factors of ((-2)/4)/(d/i)?
13
Suppose 11*o = -27 + 71. Suppose 5*h - 625 = -5*n, n + o*n = -4*h + 502. List the prime factors of h.
3, 41
Suppose -12*x + 4530 + 1230 = 0. List the prime factors of x.
2, 3, 5
Suppose -13*j + 8*j - 155 = 0. Let x = 36 - j. List the prime factors of x.
67
Let j(c) = c**3 - 5*c**2 + c - 3. Let f be j(5). List the prime factors of 1*f - (-9 + -17).
2, 7
Let v(w) = 387 + 0*w**2 + w**2 + 3*w - 381. What are the prime factors of v(-2)?
2
Let m(w) = 2*w**2 + 3